. Let k(d) = 3*d**2 + 15*d - 2*d**3 - 17*d + d**2. Calculate k(j).
-4
Let r be ((-1)/2)/(8/16). Let k be (24 + -33)/(r*(-1)/(-3)). Suppose k*v = 25*v - 8. Let b(d) = d + 1. What is b(v)?
-3
Let x(p) = -3*p - 17. Let l be 384/27 - 4 - (-8)/(-36). Let o = -16 + l. Calculate x(o).
1
Let z(j) = -j**3 - 6*j**2 + 5*j - 3. Suppose 5*n = 2*c - 61, -2*c + 13 = -c + n. Suppose -50 = c*g + 76. Determine z(g).
11
Let b(i) be the third derivative of i**6/120 + 11*i**5/60 + i**4/2 + 17*i**3/6 + 1412*i**2. What is b(-10)?
-3
Let k = 47 - 38. Suppose -15*j = -k*j - 78. Suppose 6*i - 17 = j. Let n(p) = -p**2 + 4*p + 1. Give n(i).
-4
Let m be ((-3)/9)/(12/(-72)). Let z(b) = -b**2 + 5*b + 8. Let f be z(6). Suppose 4*t = -d - 4, -3*t - f*t = m*d + 8. Let y(h) = -h + 22. Give y(t).
22
Let w(s) = s**3 - 6*s**2 - 4*s. Let g = 182 + -133. Suppose g*q - 52*q = -21. Determine w(q).
21
Let p(c) = 6*c + 50. Let m(r) = 8*r + 58. Let d(q) = 4*m(q) - 5*p(q). Determine d(6).
-6
Let n(a) = a**3 - 14*a**2 + a - 17. Let v(l) be the first derivative of -l**4/4 + 10*l**3/3 - 9*l**2/2 + 14*l - 123. Let p be v(9). Determine n(p).
-3
Let y(f) = -3*f**2 - f - 8. Let r = 865 + -869. What is y(r)?
-52
Let q(o) = 9*o**3 - 42*o**3 - 4*o + 2*o + 34*o**3 - 2*o**2 - 4. Let s = -43 + 47. What is q(s)?
20
Let k(y) = 2*y + 53 + 5*y - 51. Suppose 8*r = 7*r - 15. Let d = r - -13. Calculate k(d).
-12
Let y(h) be the first derivative of -9*h**2/2 - 70*h - 7299. Calculate y(-11).
29
Let g(z) = -10*z**3 - 2*z**2 + 24*z + 25. Let a be g(-1). Let m(j) = -2*j - 33. Determine m(a).
-51
Let g be 6/2 - (-349 - (-3 + 4)). Suppose 12*a + g = -43. Let c be (6/9)/(11/a). Let m(z) = -2*z**2 - 3*z - 2. Determine m(c).
-4
Let d = 2 - 1. Suppose 0 = -2*m - 3*j - 4, -5*m - 22 = -3*j + 9. Let f = d - m. Let l(u) = 2*u - 6. Determine l(f).
6
Let n(w) be the second derivative of w**5/5 - w. Suppose -11*g + 1027 = 2*g. Let i = -78 + g. Give n(i).
4
Let d(o) = -57*o + 3. Let t be d(2). Let l = 8701 - 8586. Let v = t + l. Let p(w) = w**2 - 5*w + 4. What is p(v)?
0
Suppose -3*g - 3 = 0, 0*g - 11 = 4*k - 5*g. Let z(x) be the first derivative of -74 + 0*x**2 + 1/4*x**4 + 4/3*x**3 - 4*x. Give z(k).
-4
Let q = -6306 + 6322. Let k(p) = -p**2 + 16*p - 18. Give k(q).
-18
Suppose -75*d = -52*d - 115. Let p(j) be the second derivative of 0 - 1/6*j**4 + 1/20*j**d + 31*j - j**2 + 1/3*j**3. What is p(2)?
2
Let c(o) = -43*o - 39*o + 124*o + o**2 - 29*o + 39. Determine c(-9).
3
Let f(s) = 22*s**3 - 34*s**2 - 108*s + 38. Let m(d) = -13*d**3 + 17*d**2 + 57*d - 19. Let z(r) = -3*f(r) - 5*m(r). Calculate z(19).
0
Let f(r) = -r + 10. Let n(c) = -c**3 + 5*c**2 - 2*c + 55. Let j be n(6). Determine f(j).
3
Let n(l) be the first derivative of l**2 + 9*l + 44. Let k(r) = 1. Let y(a) = 6*k(a) - n(a). Let j(f) = f**2 + 8*f - 25. Let p be j(-10). Give y(p).
7
Let i(u) = -2*u + 1. Suppose 2*r - m - 32 = 0, 3*r + 4*m = r + 22. Suppose 1120 - 1088 = 16*h. Let n be h*3/(-2)*10/r. What is i(n)?
5
Let o(y) = -y**2 - 2*y + 6. Suppose 18*r + 39 - 129 = 0. Let s = r - 10. Determine o(s).
-9
Suppose -5*n + 2*l + 26 = 6*l, 2*n = 3*l - 8. Let s(k) = 5*k**3 - 2*k**n - 4*k**3 - 4*k + 3*k**2. Suppose 83*h + 231 + 84 = -22*h. Give s(h).
-6
Let n(x) = 2*x**3 + 23*x**2 + 12*x + 12. Let z(p) = 4*p**3 + 44*p**2 + 21*p + 23. Let b(a) = -5*n(a) + 3*z(a). Give b(-9).
-99
Let n(p) = -335*p - 1338. Let z be n(-4). Let c(o) be the first derivative of -4 + 0*o + 1/2*o**z. Give c(3).
3
Let a(d) = -7*d - 132. Suppose -5*f = b + 105, -207*f = -206*f - 4*b. Determine a(f).
8
Let n = 179 - 169. Let w(c) = 12*c**2 + 30*c - 13*c**2 - n - 19*c. Determine w(11).
-10
Let v(l) = -14 - 9 + 4*l + 44 - 17 - 3*l. Give v(-4).
0
Let b = -57 - 2. Suppose -2*i = 2*t - 138, -4*i + 2*t + 77 = -169. Let p = b + i. Let z(w) = -w**2 + 5*w + 3. Give z(p).
3
Let i(w) = 88 + 3*w - 7*w + 4*w + 12*w - 5*w. Calculate i(-14).
-10
Let s be 16/(-96) - (-10142)/12. Suppose 841*i - s*i = 12. Let d(b) be the first derivative of 3*b**2/2 - 1. Determine d(i).
-9
Let a(o) = -6*o + 1. Let d be a(1). Let x(z) = z. Let s(y) = -2*y + 48 - 103 + 52. Let v(p) = s(p) + 4*x(p). Calculate v(d).
-13
Let u(i) = -6*i + 6*i + 2*i + 4 - 3*i. Let a be u(6). Let k(c) = -11*c + 3. Let n(d) = -6*d + 2. Let v(m) = 3*k(m) - 5*n(m). Calculate v(a).
5
Let d = -4 + 6. Let b(z) = 0*z - 273 - 2*z + 0*z - 3*z + 272. Determine b(d).
-11
Let g(m) = m**3 - 21*m**2 + 38*m + 3. Let k be g(19). Let f(r) = 6*r + 5. Calculate f(k).
23
Let h(r) = 9*r**2 + 3*r + 4. Let t(k) be the third derivative of -k**5/30 + k**4/24 - k**3/6 + 3*k**2 - 20. Let p(a) = -h(a) - 5*t(a). Determine p(7).
-6
Suppose 6 = -2*f - f. Let w(o) be the first derivative of o**5/24 + o**4/12 - 11*o**3/3 - 3*o + 118. Let s(m) be the third derivative of w(m). Give s(f).
-8
Let x(t) = 12 + 18*t**2 - 3 - 20 - 44*t**2 + 14 - 4*t. Give x(2).
-109
Let q(j) = 3*j + 5. Let u be q(-2). Let b(y) = 6*y + 11. Let o(p) = 2*p + 4. Let i(k) = u*b(k) + 4*o(k). Let t be ((-13 - 1)/(-2))/(-1). Give i(t).
-9
Let s be 9 + 2 + -6 - (0 + 1). Let w be -3 + -2 - 72/s. Let d(c) = -c - 23. What is d(w)?
0
Let i(l) = l**2 + 5*l + 9. Let d be i(-2). Let o(c) = 4 + c**2 + d + 8*c + 4 - 3. What is o(-6)?
-4
Let z(j) = -9*j + 1. Let u be z(1). Let p(o) be the first derivative of -o**2/2 - 5*o + 11178. Give p(u).
3
Let j(t) = -4 - t**2 + 7*t + 0*t - 10*t**2 + t**2 - 2*t. Give j(1).
-9
Let p be (-416)/90 + 12/30 - 166/(-747). Let c(u) = -u**2 - u + 8. What is c(p)?
-4
Let a(l) = -l**2 - 7 - 136*l + 48*l + 33*l + 29*l. Calculate a(-19).
126
Let l(i) = 8*i**3 - 10*i**2 + 20*i - 6. Let n(q) = -5*q**2 + 3*q - 1 + 6*q**2 - 3*q**2 + q**3 + q**2. Let u(g) = l(g) - 6*n(g). Calculate u(2).
4
Let i(n) = -81*n**2 - 13*n + 10. Let u(t) = 12*t**2 + 2*t. Let b(k) = i(k) + 6*u(k). What is b(-3)?
-68
Let g(k) = 10*k + 63. Suppose -a + 3*x = 14, -26*x + 8 = a - 18*x. Determine g(a).
-17
Let r(d) = d**3 + 6*d**2 - 8*d - 1. Let q(m) = -15*m - 18. Let g be q(4). Let z = -32 - g. Let l = 39 - z. Determine r(l).
6
Let u(z) = -5*z + 163. Let y be 11 + (15 - 11/(-11)). Calculate u(y).
28
Let d be (-1)/2*42276/39. Let l = 537 + d. Let r(w) = -10*w - 5. Calculate r(l).
45
Let t(w) be the first derivative of 7 - 1/3*w**4 - 9*w**2 + 0*w - 1/6*w**3. Let h(v) be the second derivative of t(v). What is h(2)?
-17
Let z(t) = 5*t + 3. Let q = 149 - 146. Suppose 0 = -2*o - 0*i + q*i + 5, -4*i = 3*o - 16. What is z(o)?
23
Let a(t) be the second derivative of -3*t**5/20 + t**4/6 + t**3/3 - t + 2. Let z be (-1)/((-20)/(-5)) - 108/(-48). Determine a(z).
-12
Suppose 2*q = 2*y - 2, 0 = -5*q + 10. Suppose 2*c + 12 = -y*j - c, 0 = -j + 5*c + 2. Let s(a) = -a**2 - 4*a. What is s(j)?
3
Let f(q) be the second derivative of -q**5/20 + q**4/3 + 5*q**3/6 + q**2 - q + 101. Suppose v - 20 = -4*v. What is f(v)?
22
Let p = -929 - -935. Suppose 5*n = 2 + 23. Suppose 4*q - p = -2*w, 0 = -q - 4*q - n*w + 20. Let j(x) = 15*x**2. Calculate j(q).
15
Let o(r) = -11*r - 35. Let v(t) = -56*t - 187. Let w(y) = -11*o(y) + 2*v(y). Calculate w(-2).
-7
Suppose -69*r = -68*r + 7. Let v(q) = 6*q**3 + 13*q**2 + 8*q + 8. Let i(o) = -o**3 - o**2. Let b(g) = -5*i(g) - v(g). Give b(r).
-1
Let h(c) be the first derivative of -3*c**2/2 - 18*c - 1668. What is h(8)?
-42
Let j(o) = -6. Let y(a) = -3*a - 11. Suppose 2*r + 5*k + 31 = 5*r, 2*k + 12 = r. Let w(d) = r*j(d) - y(d). What is w(-2)?
-7
Suppose -1226*s - 30 = -1231*s. Let r(a) = 14*a - 8 - s + 3 + 78*a**2 - 5 - 79*a**2. Give r(12).
8
Suppose -10 = -3*w + 5*m, -w + 0 + 6 = -3*m. Suppose 5*f + 17 - 57 = w. Let i(y) = -y**2 + 9*y - 11. Determine i(f).
-3
Let p(g) = g**3 + 7*g**2 - 3*g - 8. Let u = 9573 - 9581. Determine p(u).
-48
Let x(f) = 3*f**3 - 5*f**2 + 2*f - 5. Suppose -2*v + 24 = 5*u, 74*v - 16 = 70*v - 2*u. Determine x(v).
3
Suppose 3*m = -2*n + 18, 2*n + 40 + 12 = 4*m. Let v(k) = -k**3 + 11*k**2 - 21*k + 105. What is v(m)?
-5
Let h(g) = 8*g**2 - 32*g**2 + 6*g**2 - 12 + 6*g**2 + 10*g**2 + 7*g. What is h(4)?
-16
Suppose -4*a + 8*h = 6*h - 4, 0 = 3*a + 4*h - 14. Let v(s) = -3*s + s**a - 5 + 8*s - s - s. Give v(-5).
5
Let i(g) = -1162*g + 1163. Let j be i(1). Let y(k) = k**3 - 7*k**3 + 2*k**3 - 3*k - 2*k**3 + 2*k**2 + 2. Give y(j).
-5
Let g = -132 + 133. Let z(h) = -7*h**3 + h**2 - 2. Let p be z(g). Let t(n) = n + 12. What i